{"version":"1.0","provider_name":"EV Insights","provider_url":"https:\/\/evinsights.co\/es\/","author_name":"Fermin Soneira","author_url":"https:\/\/evinsights.co\/es\/author\/fermin-soneira\/","title":"La carrera de Audi hacia la descarbonizaci\u00f3n\ufffc EV Insights","type":"rich","width":600,"height":338,"html":"<blockquote class=\"wp-embedded-content\" data-secret=\"0STgDxe7hm\"><a href=\"https:\/\/evinsights.co\/es\/la-carrera-de-audi-hacia-la-descarbonizacion%ef%bf%bc\/\">La carrera de Audi hacia la descarbonizaci\u00f3n\ufffc<\/a><\/blockquote><iframe sandbox=\"allow-scripts\" security=\"restricted\" src=\"https:\/\/evinsights.co\/es\/la-carrera-de-audi-hacia-la-descarbonizacion%ef%bf%bc\/embed\/#?secret=0STgDxe7hm\" width=\"600\" height=\"338\" title=\"\u00abLa carrera de Audi hacia la descarbonizaci\u00f3n\ufffc\u00bb \u2014 EV Insights\" data-secret=\"0STgDxe7hm\" frameborder=\"0\" marginwidth=\"0\" marginheight=\"0\" scrolling=\"no\" class=\"wp-embedded-content\"><\/iframe><script type=\"text\/javascript\">\n\/* <![CDATA[ *\/\n\/*! This file is auto-generated *\/\n!function(d,l){\"use strict\";l.querySelector&&d.addEventListener&&\"undefined\"!=typeof URL&&(d.wp=d.wp||{},d.wp.receiveEmbedMessage||(d.wp.receiveEmbedMessage=function(e){var t=e.data;if((t||t.secret||t.message||t.value)&&!\/[^a-zA-Z0-9]\/.test(t.secret)){for(var s,r,n,a=l.querySelectorAll('iframe[data-secret=\"'+t.secret+'\"]'),o=l.querySelectorAll('blockquote[data-secret=\"'+t.secret+'\"]'),c=new RegExp(\"^https?:$\",\"i\"),i=0;i<o.length;i++)o[i].style.display=\"none\";for(i=0;i<a.length;i++)s=a[i],e.source===s.contentWindow&&(s.removeAttribute(\"style\"),\"height\"===t.message?(1e3<(r=parseInt(t.value,10))?r=1e3:~~r<200&&(r=200),s.height=r):\"link\"===t.message&&(r=new URL(s.getAttribute(\"src\")),n=new URL(t.value),c.test(n.protocol))&&n.host===r.host&&l.activeElement===s&&(d.top.location.href=t.value))}},d.addEventListener(\"message\",d.wp.receiveEmbedMessage,!1),l.addEventListener(\"DOMContentLoaded\",function(){for(var e,t,s=l.querySelectorAll(\"iframe.wp-embedded-content\"),r=0;r<s.length;r++)(t=(e=s[r]).getAttribute(\"data-secret\"))||(t=Math.random().toString(36).substring(2,12),e.src+=\"#?secret=\"+t,e.setAttribute(\"data-secret\",t)),e.contentWindow.postMessage({message:\"ready\",secret:t},\"*\")},!1)))}(window,document);\n\/\/# sourceURL=https:\/\/evinsights.co\/wp-includes\/js\/wp-embed.min.js\n\/* ]]> *\/\n<\/script>\n","thumbnail_url":"https:\/\/evinsights.co\/wp-content\/uploads\/2022\/04\/audi-gb504d2e71_1920.jpg","thumbnail_width":1920,"thumbnail_height":1440,"description":"La carrera que los fabricantes de autom\u00f3viles han iniciado hacia la electrificaci\u00f3n de sus productos es ya una realidad imparable. Sobre todo aquellos radicados en Europa que tienen adem\u00e1s la obligaci\u00f3n de cumplir con lo acordado en el Pacto Verde hace apenas cuatro a\u00f1os. Estos acuerdos establecen objetivos ambiciosos de descarbonizaci\u00f3n de la econom\u00eda."}

La carrera de Audi hacia la descarbonización￼ EV Insights

<blockquote class="wp-embedded-content" data-secret="0STgDxe7hm"><a href="https://evinsights.co/es/la-carrera-de-audi-hacia-la-descarbonizacion%ef%bf%bc/">La carrera de Audi hacia la descarbonización￼</a></blockquote><iframe sandbox="allow-scripts" security="restricted" src="https://evinsights.co/es/la-carrera-de-audi-hacia-la-descarbonizacion%ef%bf%bc/embed/#?secret=0STgDxe7hm" width="600" height="338" title="«La carrera de Audi hacia la descarbonización￼» — EV Insights" data-secret="0STgDxe7hm" frameborder="0" marginwidth="0" marginheight="0" scrolling="no" class="wp-embedded-content"></iframe><script type="text/javascript">
/* <![CDATA[ */
/*! This file is auto-generated */
!function(d,l){"use strict";l.querySelector&&d.addEventListener&&"undefined"!=typeof URL&&(d.wp=d.wp||{},d.wp.receiveEmbedMessage||(d.wp.receiveEmbedMessage=function(e){var t=e.data;if((t||t.secret||t.message||t.value)&&!/[^a-zA-Z0-9]/.test(t.secret)){for(var s,r,n,a=l.querySelectorAll('iframe[data-secret="'+t.secret+'"]'),o=l.querySelectorAll('blockquote[data-secret="'+t.secret+'"]'),c=new RegExp("^https?:$","i"),i=0;i<o.length;i++)o[i].style.display="none";for(i=0;i<a.length;i++)s=a[i],e.source===s.contentWindow&&(s.removeAttribute("style"),"height"===t.message?(1e3<(r=parseInt(t.value,10))?r=1e3:~~r<200&&(r=200),s.height=r):"link"===t.message&&(r=new URL(s.getAttribute("src")),n=new URL(t.value),c.test(n.protocol))&&n.host===r.host&&l.activeElement===s&&(d.top.location.href=t.value))}},d.addEventListener("message",d.wp.receiveEmbedMessage,!1),l.addEventListener("DOMContentLoaded",function(){for(var e,t,s=l.querySelectorAll("iframe.wp-embedded-content"),r=0;r<s.length;r++)(t=(e=s[r]).getAttribute("data-secret"))||(t=Math.random().toString(36).substring(2,12),e.src+="#?secret="+t,e.setAttribute("data-secret",t)),e.contentWindow.postMessage({message:"ready",secret:t},"*")},!1)))}(window,document);
//# sourceURL=https://evinsights.co/wp-includes/js/wp-embed.min.js
/* ]]> */
</script>

La carrera que los fabricantes de automóviles han iniciado hacia la electrificación de sus productos es ya una realidad imparable. Sobre todo aquellos radicados en Europa que tienen además la obligación de cumplir con lo acordado en el Pacto Verde hace apenas cuatro años. Estos acuerdos establecen objetivos ambiciosos de descarbonización de la economía.
